n u is divided by 2?
1
Let c(v) = -v**2 - 11*v - 14. Let n be c(-10). Let k(a) = a**3 + 7*a**2 + 5*a + 1. What is the remainder when k(n) is divided by 15?
14
Let a(c) = 7*c**2 - 3*c**2 + 13*c**2. Let j be (1/(-2) - -1)/(4/(-8)). Calculate the remainder when 48 is divided by a(j).
14
Suppose -2*l = -3*z + 76, z + 0*z - 3*l - 30 = 0. Calculate the remainder when 69 is divided by z.
21
Calculate the remainder when 34 is divided by 9 + (2 - 6) + 7.
10
Let r(g) = g**2 + 9*g + 11. Let z be r(-9). Suppose -c = -z + 2. Calculate the remainder when c is divided by 6.
3
Suppose 4 = i - 4. Suppose 0 = -0*m + m - i. Calculate the remainder when 21 is divided by m.
5
What is the remainder when (-2)/((-9)/7 - -1) is divided by (-2)/((16/10)/(-4))?
2
Let t(y) = y**2 - 8*y + 9. Let a be t(7). Suppose -5*i + 151 = -5*z + 6, 159 = 5*i + a*z. Calculate the remainder when i is divided by 11.
9
Suppose -2*j + 22 = 4*z, 3*z - z = -5*j - 1. Let w(g) = -3*g - 3. Let y = -5 + 3. What is the remainder when z is divided by w(y)?
1
Let n(y) = -y**3 + 2*y**2 - y. Let s be n(1). Suppose 5 = -s*t - 5*t. Let l = t - -6. Calculate the remainder when 9 is divided by l.
4
Let i(a) = a + 32. Calculate the remainder when i(-18) is divided by 4.
2
Let y = 4 - 2. Let t(r) = 11 + r**3 - r**y + 2*r - 3*r + 0*r**3. What is the remainder when 20 is divided by t(0)?
9
Let i be 6/(1/9*3). Calculate the remainder when 7 is divided by (20/6)/(12/i).
2
Suppose 115 = m + 37. Suppose 3*n = 7*n + 2*k - m, -k = -5*n + 94. Calculate the remainder when 36 is divided by n.
17
Suppose -60 = -4*i + 2*h, 3*i - 59 = -0*i + 5*h. Calculate the remainder when i is divided by 8.
5
Suppose -4*g = -0*g - 48. Let r(c) = -c**2 + 13*c - 3. Calculate the remainder when 35 is divided by r(g).
8
Let p(v) be the second derivative of -v**5/10 - v**4/6 + v**3/3 + v**2 + v. Suppose 2*s = -3*s - 10. What is the remainder when 10 is divided by p(s)?
4
Suppose -2*n = -4*n + 10. Let a(j) = 4*j - 7. Calculate the remainder when a(n) is divided by 7.
6
Suppose 2*k = 5*k - 21. Let y = k + -35. Let c = 10 - y. What is the remainder when c is divided by 13?
12
Let r = 0 - -8. Calculate the remainder when r is divided by 3.
2
Suppose 10*m - 260 = 5*m. Calculate the remainder when m is divided by 18.
16
Let f = 4 + -2. Let j(b) = b**2 + b - 2. What is the remainder when 20*(1/f)/1 is divided by j(2)?
2
Suppose 2*y = 5*l + 17, l + 15 = -4*l. Let g = 8 + -4. Suppose 0 = w + 4*o - 21, -w + g*o - 6*o + 11 = 0. Calculate the remainder when y is divided by w.
0
Let t = -5 - -11. Suppose -3*f + 3 = -t. What is the remainder when 3 is divided by f?
0
Suppose -2*r - 126 = -4*r - 2*s, -2*r - s + 121 = 0. Suppose 0 - 100 = -5*m. Calculate the remainder when r is divided by m.
18
Suppose -3*m - i + 26 = 0, 2*i = 4*m - 57 + 9. Let u be (1*2 + -1)/(-1). Let r = u + m. Calculate the remainder when 26 is divided by r.
8
Let i = 13 - 43. Let n = i + 56. Let x = -68 - -75. Calculate the remainder when n is divided by x.
5
Suppose -f - 3*d = -64, 4*d - 26 = -6. What is the remainder when f is divided by 2 - (-9 + (-4 - -2))?
10
Let c(w) = 5 - 1 - 2 - w. Let k be c(-4). Calculate the remainder when 9 is divided by 34/6 + k/(-9).
4
What is the remainder when 45 is divided by (-8 + 12/3)*-2?
5
Suppose 4*x = 259 + 109. Calculate the remainder when x is divided by 16.
12
Let v(l) = 20*l - 23. What is the remainder when v(8) is divided by 35?
32
Suppose 0 = -5*h + 70 + 5. What is the remainder when h is divided by 9?
6
Suppose 72 = 4*b + 5*h, -90 = -5*b + h - 0*h. Calculate the remainder when 49 is divided by b.
13
Suppose -2*d + 1 = w, 2*d + 20 = 5*w - 9. What is the remainder when 14 is divided by w?
4
Suppose x - p - 2 = 2*p, -3*x = 3*p - 42. Suppose 8*t = 6*t + 14. What is the remainder when x is divided by t?
4
What is the remainder when 1*((5 - 3) + 45) is divided by 6?
5
Let d(j) = -j**3 - 5*j**2 + j + 1. Let c be d(-5). Calculate the remainder when 10 is divided by (9/c)/(9/(-24)).
4
Suppose 3*x - 311 = t, -2*x - 5*t + t = -226. What is the remainder when x is divided by 27?
24
Let f(w) = -w**2 - 4*w. Let b be f(-4). Suppose -5*p + 19 + 11 = b. Suppose 0*h - 4*h + 88 = 0. Calculate the remainder when h is divided by p.
4
Let a = -11 - -99. Calculate the remainder when a is divided by 30.
28
Suppose -1 = -u + 4*a, 4*u - 3*a + 7 = 37. Calculate the remainder when 25 is divided by u.
7
Let t = 2 - 2. Let b = -35 + 53. Let j = t + b. Calculate the remainder when 35 is divided by j.
17
Suppose -w = -1 + 2. Let b be 7/2 + w/2. Suppose b*f - 48 = -f. Calculate the remainder when 23 is divided by f.
11
Suppose -9*s + 6*s + 18 = 0. Let w = 9 + s. What is the remainder when (0 + (-114)/4)*-2 is divided by w?
12
Let k(w) = -6*w - 9. Let c be k(-8). Let u(m) = 3*m - 1. Let s be u(-8). Let n = c + s. Calculate the remainder when 26 is divided by n.
12
Let b = 62 + -33. Suppose 6*a - a - 101 = -z, 2*z = a - b. What is the remainder when a is divided by 11?
10
Let c = -162 + 177. Let a(j) = 7*j**3 + j**2 - 2*j + 3. What is the remainder when a(2) is divided by c?
14
Let z = 23 - 14. Let v(q) = q**2 - 3*q - 22. What is the remainder when v(z) is divided by 11?
10
Suppose 3*b + 2 = -3*k + 14, 3*k - 8 = -b. Let c be (-1 + 1 + 1)*b. What is the remainder when 43 + c + 3/(-3) is divided by 15?
14
Suppose 148 = 3*t + 61. What is the remainder when 38 is divided by t?
9
Suppose 3*i = -2*r + 12, -2*r - 1 = -3*i + 11. Suppose -3*q + 0*u = 5*u - 80, -101 = -4*q - u. Calculate the remainder when q is divided by -1*r/1 - -13.
12
Suppose -3*h - 3*b = -51, -2*h - 4*b = -48 + 16. Let l = 15 - 9. Suppose 3*r + l = 108. What is the remainder when r is divided by h?
16
Let l = 12 - 2. What is the remainder when 20 is divided by 1/(-5) + 72/l?
6
Let f = -23 - -40. Suppose -47 = -2*q + 87. Calculate the remainder when q is divided by f.
16
Let u(s) = -2*s - 6. Let v be u(6). Let x = v - -40. What is the remainder when x is divided by 2*(0 - 4)*-1?
6
Suppose -5*r = a - 19, 0 = -4*a - 2*r - 8 + 84. Let w = a - -9. Calculate the remainder when w is divided by 10/4*(4 + 2).
13
Let z = -33 + 98. Calculate the remainder when z is divided by 14.
9
Let k = 2 - -2. Suppose k*s - 2*s = 2*d + 26, 4*d + 28 = s. Let q = -7 + 30. Calculate the remainder when q is divided by s.
7
What is the remainder when (-2)/(-8) - (-270)/40 is divided by 5?
2
Suppose 0 = 9*n - 36 - 63. What is the remainder when 63 is divided by n?
8
Suppose 4*a = a - 3*t + 3, -3*t = a - 5. Let n be (a - (1 + 1)) + 2. What is the remainder when 13 is divided by 10/(0 - (-3 - n))?
3
Suppose 155 = -6*n + 11*n. Calculate the remainder when n is divided by 11.
9
Let r(c) = 31*c + 1. Let v be r(1). Let l be (-1)/(-4) - (-24)/v. Calculate the remainder when 2 is divided by (l + -4)/(12/(-8)).
0
What is the remainder when (-8)/20 - (-112)/5 is divided by ((-5)/(15/(-36)))/2?
4
Let k = 14 - 9. Calculate the remainder when 17 is divided by k.
2
Let o be 2/9 - 160/(-9). Suppose -b + 11 = -o. What is the remainder when b is divided by 15?
14
Suppose l - 61 + 12 = -4*j, 3*j - 38 = -2*l. Let z = -3 - -3. Let x(p) = p + 23. Calculate the remainder when x(z) is divided by j.
11
Let o be -9*(6/9)/(-1). Let c = -2 + o. Suppose h + 5*u - 24 = 0, -2*u + c*u = -h + 12. What is the remainder when h is divided by 3?
1
Suppose -h - 4*v = -0*h - 30, -56 = -2*h - 4*v. What is the remainder when 101 is divided by h?
23
Let m = 14 + -10. Suppose -4*k + 210 = 3*s - 55, m*k - 352 = -4*s. Let o = -50 + s. What is the remainder when o is divided by 19?
18
Let a(y) = y**2 + 11*y + 9. Let p be a(-8). Let u = 26 + p. Calculate the remainder when 20 is divided by u.
9
Let g(d) = 3*d - 5. Suppose 0*m = -m + 4. Suppose -12 = -m*t + t. What is the remainder when g(4) is divided by t?
3
Let v be (-6)/(-2 - 0)*23. Suppose 21 - v = -4*a. Calculate the remainder when -1*(1 - 0) - -23 is divided by a.
10
Let w(a) = 24*a**3 - 2 - 20*a**3 - 3*a**2 + 4 - 3*a. What is the remainder when w(3) is divided by 25?
24
Let a(c) = 2*c**2 - 7*c + 5. Suppose -5*w + 6 = -14. Let d be a(w). Let h = d - -6. Calculate the remainder when 57 is divided by h.
12
Let k = 20 + -8. What is the remainder when 71 is divided by k?
11
Let q(t) = -2*t**2 + 18*t - 4. What is the remainder